of 64*(4/8 + l)?
3
Let t be 2 - ((-2)/(-3) - 16/6). Let g(l) = l**3 + 5*l**2 + 3*l - 4. Let i be g(-4). Suppose i*x + t*x = 52. What is the units digit of x?
3
Let u(y) = -7 - 2 + 2 + 0 + 5*y**2. What is the hundreds digit of u(6)?
1
Let r = 2921 + -1136. What is the units digit of r?
5
Suppose 4*q - 60 = -5*p + 3*p, -2 = -q. Suppose -v + 48 = -t - p, -5*v + 372 = -3*t. What is the tens digit of v?
7
Let b(m) = 2 + 0*m**2 - 19 - 4*m**2 + 7*m + 5*m**2. Let l be b(-9). What is the tens digit of 1/l + 1*21?
2
Let z(i) = -i**2 + 3*i + 10. Let t(v) = -v. Let g(j) = 2*t(j) + z(j). Let d be g(-6). Let m = 84 + d. What is the units digit of m?
2
Let i = 742 + 372. Suppose -i = -3*a - 184. What is the hundreds digit of a?
3
Suppose t + 3*h - 148 = 376, 1585 = 3*t - 4*h. What is the hundreds digit of t?
5
Suppose -2*w + 91 - 37 = 0. Let v = 29 + w. Suppose 0 = 3*o + 5*z - 177 + v, 2*o + z - 69 = 0. What is the tens digit of o?
3
Let j = 17 - 46. Let i = 33 + j. What is the units digit of -26*-3*i/24?
3
Let o(h) be the third derivative of -h**9/20160 - h**6/720 + 7*h**5/60 - 6*h**2. Let n(y) be the third derivative of o(y). What is the units digit of n(-2)?
3
Let u(f) = f**2 + 3*f - 2. Let r(h) = h - 19. Suppose -1 - 97 = -7*s. Let x be r(s). What is the units digit of u(x)?
8
Let j = -117 + 185. Suppose -j = -2*f - 4*m, 2*m - 156 = -5*f - m. What is the tens digit of f?
3
Let b(z) = -2*z + 19. Let c be b(8). Suppose -c*g = 2*v - 10, -4*v + 1 = g - 9. Suppose 5*m - v*m - 12 = 0. What is the units digit of m?
4
Suppose -t = -h + 99, 0*h - 4*h = -3*t - 396. Suppose z - a = 2*z - h, 0 = -2*z + 3*a + 173. What is the units digit of z?
4
Suppose 2*b + w - 276 = 0, 0 = -5*b + 4*w + 101 + 615. What is the hundreds digit of b?
1
Suppose 0 = -4*f + 184 + 220. Let m = f + -46. What is the units digit of m?
5
Suppose -5*t = -4*t + 2*v - 29, 0 = 2*t - 5*v - 31. Let p = 40 - t. What is the tens digit of p?
1
Let s(h) = 2*h - 59. Let f(p) = -2*p + 60. Let l(t) = -3*f(t) - 4*s(t). What is the tens digit of l(0)?
5
What is the thousands digit of -2519*(10/2 + -6)/1?
2
Suppose 0 = 5*l - 25, -5*s - 2*l + 751 - 66 = 0. What is the tens digit of s?
3
Suppose 35 = 5*q - 2*l - 17, 0 = -2*q + l + 21. Let d(t) = 16*t - 25. What is the tens digit of d(q)?
3
Let n = 198 + -191. What is the units digit of n?
7
Let q be (-8)/6*(-18)/12. Suppose -q*c - 3 = 3. Let x = c - -8. What is the units digit of x?
5
Let y = -2 + 3. Let h = 1 - y. Suppose h = -0*g - g + 9. What is the units digit of g?
9
Let i(v) = v**3 + 6*v**2 - 2*v - 273. Let x(z) = -z**2 - 1. Let n(u) = -i(u) - 5*x(u). What is the hundreds digit of n(0)?
2
Suppose 18997 + 20035 = 41*r. What is the hundreds digit of r?
9
Suppose 3*y + 52*s - 13680 = 48*s, -y + 3*s = -4573. What is the units digit of y?
4
Suppose 3*d - 8*d + 2719 = -4*v, -2*v = -3*d + 1633. What is the hundreds digit of d?
5
Suppose 2*h + 164 = 3*h. Suppose h = 5*v - 86. What is the tens digit of v?
5
Suppose -4*c = 2*b - 256, 2*b + 3*c = -2*c + 253. Let t = b - 59. What is the units digit of t?
5
Suppose -4*u = 5*k - 9155, -6*u + 4*u - 3*k = -4577. What is the units digit of u?
0
Suppose 4*q = -q - 285. Let l be -3 - 0 - q - 0. Suppose -x = 2*x - l. What is the units digit of x?
8
Let l = -76 + -1. What is the units digit of 4/(-22) + (-399)/l?
5
Let w = 979 - 409. What is the units digit of w?
0
Let w = -250 - -115. Let j = w - -200. What is the units digit of j?
5
Let q be 3 - 104/(-4) - 6/2. What is the units digit of (q/3 + 2)/(16/24)?
6
Let f(x) = -6*x - 7. Let h(g) = -g**3 + 2*g**2 + 2*g + 6. Let j(o) = -o**2 - 1. Let d(p) = h(p) + 5*j(p). Let q be d(-3). What is the units digit of f(q)?
3
Suppose -11*i = -7*i - 532. Suppose 2*n + 2*q - 174 = 0, -4*n + 2*q = -481 + i. What is the tens digit of n?
8
Suppose 2*i = i + 6. Suppose -i*s + 180 = -11*s. Let o = s + 61. What is the tens digit of o?
2
Let g be (-25065)/60 + 6/8. Let y = g - -651. What is the tens digit of y?
3
Let c = 3304 + -1642. What is the tens digit of c?
6
Let t(b) = 3*b + 9. Let i be t(-7). Let d = 16 + i. Suppose s - 29 = 2*v, 3*s + d*v - 47 - 10 = 0. What is the tens digit of s?
2
Let h be 0/(-6)*(21/(-9) + 2). Suppose 5*d - 650 - 265 = h. What is the tens digit of d?
8
Let m(l) = 5*l - 34. Let h be m(-12). Let q = h + 131. What is the units digit of q?
7
Suppose 8*f = 22*f - 4214. What is the tens digit of f?
0
What is the tens digit of 545 + -2*(-4 - -6)?
4
What is the thousands digit of (-7)/(-105)*5 - (-15262)/6?
2
Let b = 74 + -52. Suppose 3*r - 38 = 4*r - 4*d, r + b = -4*d. Let k = 58 + r. What is the tens digit of k?
2
Let c(v) = -3*v**2 - 4*v**2 + 1 + 15*v**3 - 13*v**3 + 4*v. What is the tens digit of c(4)?
3
Let u = -22 - -18. Let g be 32/40*(-210)/u. What is the tens digit of 1988/g - 1/3?
4
Let n(r) = -98*r + 19. What is the tens digit of n(-6)?
0
Let m(d) = 18*d**2 + 6*d + 18. What is the units digit of m(-3)?
2
Suppose -v - 5 = x, 0*x + 2*x = -v - 10. Let o(h) = h**2 + 4*h - 7. Let k be o(x). Let u(q) = 10*q**2 + 4*q + 3. What is the units digit of u(k)?
5
Let f = 25 - -50. Let x = f + -51. What is the units digit of x?
4
Suppose 0 = -2*s - 10, -x = 2*s + 23 + 22. Let b be (-3070)/x - 6/(-21). What is the tens digit of (-2)/((-180)/b - -2)?
4
Suppose 0 = -52*q + 5*q + 84647. What is the units digit of q?
1
Let v = 89 + -89. Let s(g) = 5*g + 24. Let i(f) = 6*f + 23. Let d(u) = -4*i(u) + 5*s(u). What is the tens digit of d(v)?
2
Suppose 5*w - 48 = -4*n - 12, -2*w - 4*n = -12. Suppose -3*l = w*l - 22. What is the units digit of l?
2
Let d = 2509 + -1730. What is the tens digit of d?
7
Suppose -i - u - 3*u = -49, 3*i + 3*u - 111 = 0. What is the tens digit of -2 + i*(-3)/(-3)?
3
Let v = 4652 + -2379. What is the tens digit of v?
7
What is the hundreds digit of -1095*25*2/(-15)?
6
Let b be 3 - (-140)/5 - 4. Let j = -13 + b. What is the units digit of j?
4
Let l(b) = -7 - 6*b - 6*b + 23*b + 2*b**2. What is the units digit of l(-11)?
4
Suppose 4*j + 3*i = 22, j - 5*i - 9 = 8. Let h(f) = f**3 - 7*f**2 + 8*f + 17. What is the units digit of h(j)?
3
Suppose 5*l = 20, 3*x + 4*l + l = 65. Suppose 6*d + x = d. What is the units digit of (18/(-15))/(d/50)?
0
Suppose -3*i = 2*i - 5*x - 4750, -3*x = 2*i - 1905. Let v = -258 + i. What is the tens digit of v/55 + 4/10?
1
Let a(u) = u - 12. Let f be a(22). Suppose -n + f = -158. What is the units digit of n?
8
Let t = -141 - -146. Suppose 1050 = -t*x + 10*x. What is the units digit of x?
0
Let c(z) = 3*z + 7. Let t(s) = -5*s - 13. Let f(k) = 7*c(k) + 4*t(k). Let p be f(1). What is the units digit of 3 - (-1 + 0)*p?
1
Let v(t) = 16 - 32*t**2 - 22*t**2 + 33*t**2 - 22*t + 14 + t**3. What is the units digit of v(22)?
0
Let i = 3172 - 665. What is the tens digit of i?
0
Let f = 1627 - 112. What is the units digit of f?
5
Suppose 3*f - 4*q - 38 - 40 = 0, 2*f - 4*q = 52. Suppose -f*a + 30*a = 524. What is the hundreds digit of a?
1
Suppose 27 = -3*h - 105. Let y = h + 80. Let l = y + -9. What is the tens digit of l?
2
What is the tens digit of 11954/8 + 11/(352/(-40))?
9
Let g(u) = 17*u + 10. Let y be g(9). Let z = -73 + y. Suppose 2*m + 2*w - 66 = 0, 5*m - 4*w = 3*m + z. What is the tens digit of m?
3
Suppose 0 = -2*i + 9 - 3. Let c(r) = r**3 - 2*r**2 - 2*r + 3. Let n be c(i). Suppose 4*t + 106 = n*t. What is the tens digit of t?
5
Let r(h) = 437*h - 50. What is the hundreds digit of r(1)?
3
Suppose -4*y - 1 = -5, -3*a - 4*y = -730. Suppose -2*w + a = -2*o, 0 = -5*w - 4*o + 164 + 441. What is the tens digit of w?
2
Let t be 1*3/(-9)*-48. Let u = -9 + t. Suppose 5*r + 78 = u*r. What is the units digit of r?
9
Suppose 36*k - 3712 = 32*k + 2*c, -2*k = -4*c - 1856. What is the units digit of k?
8
Let f(b) = 936*b + 8. What is the thousands digit of f(2)?
1
Suppose 10*q - 6320 = -6*q. What is the tens digit of q?
9
Let a = -12 - -18. Let s(w) = 1 - 23*w + 2*w**2 + 18*w + 0 + 5. What is the units digit of s(a)?
8
Suppose 4*q + 9 = 2*q - 3*m, 3*q + 6 = 3*m. Let f = q - -62. What is the tens digit of f?
5
Suppose 1725 = 3*k - 2*b, 5*k = 5*b + 1616 + 1254. What is the hundreds digit of k?
5
What is the hundreds digit of (-5052)/20*(0 + -10)?
5
Suppose 0 = -4*c + 3*y + 6424, 144*y = 5*c + 139*y - 8035. What is the thousands digit of c?
1
Let b(j) = -j